(g) = 8*g**2 + 144*g - 22. What is h(-16)?
-278
Let x(i) = 20751*i + 104577. What is x(-5)?
822
Let y(v) = 14*v**2 - 404*v + 336. Determine y(29).
394
Let l(z) = -2*z**3 + 57*z**2 - 353*z + 265. Give l(20).
5
Let t(s) = 159*s**2 - 91*s + 33. Calculate t(-2).
851
Let k(q) = -2*q**3 - 2*q**2 + 82*q + 226. Calculate k(-3).
16
Let m(w) = -415*w - 167707. Determine m(-404).
-47
Let y(j) = 8*j**2 + 629*j - 14831. Give y(19).
8
Let r(a) = 2514*a - 329004. Give r(131).
330
Let k(s) = 137948*s - 689667. What is k(5)?
73
Let d(p) = 1242*p - 134234. Determine d(108).
-98
Let i(m) = 2*m**2 + 3978*m - 11940. Determine i(3).
12
Let p(i) = -632*i + 24772. Determine p(43).
-2404
Let s(x) = 5*x**3 + 452*x**2 - 268*x + 718. Give s(-91).
263
Let n(j) = 8951*j + 349096. Give n(-39).
7
Let l(b) = 2106*b - 50531. What is l(24)?
13
Let k(c) = 3*c**2 + 3038*c - 53481. Calculate k(-1030).
79
Let l(k) = -k**2 + 1108*k - 14177. What is l(13)?
58
Let c(n) = 677*n - 23790. What is c(37)?
1259
Let f(a) = 30190*a - 603807. Calculate f(20).
-7
Let f(g) = 6057*g + 314969. Give f(-52).
5
Let z(t) = 13*t + 5589. What is z(-431)?
-14
Let t(x) = -55438*x + 10366910. Give t(187).
4
Let c(v) = 2486*v + 149174. Give c(-60).
14
Let p(w) = w**3 + 2*w**2 - 109*w - 22. Determine p(-11).
88
Let o(z) = z**3 + 11*z**2 - 63*z - 444. What is o(-15)?
-399
Let s(l) = 12*l**3 - 264*l**2 + 394*l - 2986. What is s(21)?
-4
Let f(r) = -r**3 + 14*r**2 + 404*r - 4. Calculate f(-16).
1212
Let r(f) = f**3 - 120*f**2 + 67*f + 6447. Give r(119).
259
Let w(b) = -2*b**2 + 269*b - 7051. Give w(99).
-22
Let f(u) = 3*u**2 + 17*u - 1662. Give f(21).
18
Let j(q) = -q**3 + 58*q**2 - 529*q - 44. Give j(48).
-2396
Let t(m) = -89166*m + 445811. What is t(5)?
-19
Let w(b) = 38*b**3 - 529*b**2 + 454*b + 10. What is w(13)?
-3
Let s(j) = -j**3 + 352*j**2 + 22842*j - 229. What is s(-56)?
107
Let c(h) = 33022*h - 198099. Calculate c(6).
33
Let d(t) = 3*t**3 - 19*t**2 + 88*t - 25. Give d(13).
4499
Let t(q) = -662*q - 7836. Calculate t(-12).
108
Let l(v) = -v**3 + 85*v**2 + 33*v + 5156. Determine l(86).
598
Let r(c) = -89*c - 31390. Determine r(-352).
-62
Let t(u) = 3*u**2 + 279*u + 1168. Determine t(-4).
100
Let v(n) = -529*n**2 + 2627*n + 96. Calculate v(5).
6
Let r(p) = -3*p + 75. What is r(36)?
-33
Let o(z) = -4193*z + 4010. Give o(1).
-183
Let a(r) = -19*r**2 + 1339*r - 637. Give a(70).
-7
Let y(a) = -6*a**2 - 362*a - 5229. Calculate y(-37).
-49
Let q(h) = 5*h**3 + 8*h**2 - 281*h - 777. Determine q(-3).
3
Let t(h) = -20*h**3 - 226*h**2 - 4*h + 45. Determine t(-11).
-637
Let c(h) = 28808*h + 21951698. What is c(-762)?
2
Let q(s) = -403*s - 12730. What is q(-35)?
1375
Let l(z) = -6134*z + 30693. Determine l(5).
23
Let h(f) = 32*f**2 - 56*f + 72. Give h(-5).
1152
Let r(b) = 78*b**2 - 41*b + 97. What is r(4)?
1181
Let s(t) = -2911*t + 1021753. Give s(351).
-8
Let g(a) = -9301601*a - 65111204. Determine g(-7).
3
Let t(q) = -7*q**2 + 284*q + 2323. Calculate t(-7).
-8
Let d(n) = -2*n**3 - 5*n**2 + 10*n - 86. What is d(-7)?
285
Let w(s) = 3*s**2 + 3133*s - 12581. What is w(4)?
-1
Let p(w) = 3*w**3 - 67*w**2 + 248*w - 1030. Calculate p(19).
72
Let p(u) = 13*u**2 + 34*u - 1375. Determine p(12).
905
Let i(v) = -5*v**2 - 789*v - 4509. Calculate i(-153).
-837
Let f(t) = 356*t + 5957. What is f(-20)?
-1163
Let b(i) = -17948*i + 1920433. What is b(107)?
-3
Let m(x) = -x**2 - 48*x + 4455. What is m(-95)?
-10
Let h(y) = 836*y + 413812. Give h(-495).
-8
Let r(t) = -t**2 - 1397*t + 400407. Determine r(244).
3
Let f(a) = -811*a - 377328. Calculate f(-465).
-213
Let s(g) = -2*g**3 + 269*g**2 - 4197*g - 20. Calculate s(18).
-74
Let t(x) = -9*x**2 - 1038*x + 59476. Give t(42).
4
Let w(y) = -y**3 - 181*y**2 - 2167*y - 23491. Give w(-169).
0
Let m(q) = -4326*q - 21639. Determine m(-5).
-9
Let j(o) = 14*o**3 - 8*o**2 - 435*o + 2259. Determine j(5).
1634
Let d(p) = 11533*p - 58222. What is d(5)?
-557
Let v(z) = z**2 + 14152*z + 1069765. Calculate v(-76).
-11
Let h(z) = -219*z**2 - 4602*z - 44. What is h(-21)?
19
Let y(b) = 51228*b - 255991. Calculate y(5).
149
Let s(q) = -6*q**2 - 112*q + 2793. What is s(-33)?
-45
Let l(r) = r**3 - 32*r**2 - 269*r + 3111. What is l(7)?
3
Let n(b) = -3122*b + 109181. Calculate n(35).
-89
Let z(o) = -o**2 - 8478*o - 8945100. Give z(-1235).
5
Let m(h) = 37*h**2 - 4761*h - 154. Calculate m(129).
1394
Let j(q) = -q**3 - 464*q**2 + 5676*q + 9. Give j(12).
-423
Let u(q) = 2*q**3 - 285*q**2 - 1251*q + 117955. What is u(144)?
19
Let b(l) = -3*l**3 + 221*l**2 - 214*l + 4879. What is b(73)?
-85
Let g(x) = 2*x**3 + 48*x**2 - 37*x + 1756. Determine g(-26).
14
Let z(m) = -m**3 - 102*m**2 - 555*m - 6507. Give z(-97).
283
Let g(k) = 71*k**2 + 1959*k - 812. What is g(-28)?
0
Let k(l) = 364*l**2 - 17115*l + 33. What is k(47)?
-296
Let r(a) = -a**3 - 77*a**2 - 280*a - 28. Determine r(-7).
-1498
Let c(f) = -3*f**2 + 36846*f + 294954. Determine c(-8).
-6
Let l(r) = -46*r**2 - 14507*r - 5777. Calculate l(-315).
-422
Let t(y) = y**3 + 7*y**2 - 4788*y - 28632. What is t(-6)?
132
Let h(j) = j**2 + 85*j - 2072. What is h(-109)?
544
Let l(y) = -y**2 + 148*y - 5098. What is l(54)?
-22
Let w(s) = -193*s + 4434. Calculate w(21).
381
Let t(g) = 2146*g + 62218. What is t(-29)?
-16
Let s(l) = -2*l**3 + 51*l**2 - 7*l + 393. Calculate s(26).
-465
Let l(v) = 28196*v - 4116595. Give l(146).
21
Let s(h) = h**2 - 6*h - 4715. What is s(-70)?
605
Let a(q) = q**2 - 5154*q - 108666. What is a(-21)?
9
Let n(b) = -4*b**2 + 15*b + 66678. What is n(131)?
-1
Let o(u) = -2*u**3 - 460*u**2 + 465*u + 792. Calculate o(-231).
99
Let j(l) = -639*l**2 - 25*l + 2. What is j(1)?
-662
Let x(y) = 6*y**2 - 2104*y - 28268. Give x(-13).
98
Let w(m) = 31132*m + 93397. What is w(-3)?
1
Let s(d) = d**3 + 19*d**2 + 8032*d + 169537. What is s(-21)?
-17
Let c(w) = 1388*w - 234521. Determine c(169).
51
Let z(y) = -3841*y - 2196991. Give z(-572).
61
Let b(l) = 2*l**2 - 1546*l + 40260. Determine b(27).
-24
Let q(w) = 2*w**3 + 110*w**2 + 88*w - 115. What is q(-54)?
965
Let o(q) = 3147*q - 887448. What is o(282)?
6
Let j(g) = 1221*g - 89120. What is j(73)?
13
Let l(i) = 52409*i - 2148770. What is l(41)?
-1
Let u(a) = -15*a**2 + 265*a + 24245. Give u(50).
-5
Let d(q) = -32105*q - 96499. Determine d(-3).
-184
Let j(u) = u**2 - 465*u - 33779. Give j(-64).
77
Let o(u) = -u**3 + 34*u**2 - 28*u - 135. Give o(33).
30
Let s(w) = -w**2 - 67*w + 3860. Give s(37).
12
Let n(a) = 11*a**2 + 1720*a - 5171. What is n(3)?
88
Let c(r) = -r**3 + 32*r**2 + 292*r - 47. What is c(39)?
694
Let r(d) = -8797*d**2 - 61599*d + 54. Calculate r(-7).
194
Let y(n) = n**3 - 85*n**2 + 544*n + 1596. Determine y(77).
-3948
Let d(y) = 4*y**3 + 13649*y - 27310. Determine d(2).
20
Let n(b) = -b**3 + 69*b**2 - 515*b - 13981. Give n(55).
44
Let c(n) = -n**2 + 32*n + 310. Calculate c(40).
-10
Let l(w) = -w**3 + 41*w**2 - 313*w + 792. Determine l(32).
-8
Let v(i) = 2*i**2 - 21*i - 20623. Determine v(-94).
-977
Let x(j) = -11*j**3 + 800*j**2 - 577*j + 114. Determine x(72).
42
Let z(s) = -1093*s + 62348. What is z(57)?
47
Let y(w) = -1384*w**2 + 637*w + 1296. Determine y(-2).
-5514
Let m(c) = -59*c - 1909. What is m(-33)?
38
Let p(w) = 9114*w + 91141. Give p(-10).
1
Let r(p) = -3056*p + 9155. What is r(3)?
-13
Let o(y) = 2285*y + 198788. Calculate o(-87).
-7
Let r(i) = -27*i**2 - 2244*i - 246. Calculate r(-83).
3
Let y(k) = -30781*k + 1323559. Calculate y(43).
-24
Let g(n) = n**3 - 38*n**2 + 372*n - 265. What is g(21)?
50
Let m(t) = 120*t**2 - 36597*t - 910. Give m(305).
5
Let v(n) = -8*n**3 - n**2 + 24231*n - 24231. Determine v(1).
-9
Let b(r) = -264*r**2 - 177144*r + 86. What is b(-671)?
86
Let h(w) = -84*w**3 - 878*w**2 + 509*w + 26. What is h(-11)?
-7
Let q(x) = -19*x**2 + 9*x - 15. What is q(-7)?
-1009
Let u(i) = 498676*i + 997361. What is u(-2)?
9
Let b(p) = 19570*p + 3366075. Give b(-172).
35
Let r(b) = -2*b**2 - 2836*b + 1254579. Give r(354).
3
Let b(r) = -10*r**2 + 2836*r - 11350. Calculate b(4).
-166
Let g(a) = 2676*a + 2964. Give g(-1).
288
Let z(u) = 220*u + 33923. Calculate z(-165).
-2377
Let z(h) = 237*h - 511. Give z(1).
-274
Let y(p) = -354*p**2 + 3751*p - 5. Give y(10).
2105
Let w(b) = -b**3 + 19*b**2 + 214*b - 83. Calculate w(27).
-137
Let i(z) = -2*z**2 + 3203*z + 25538. Determine i(-8).
-214
Let y(m) 